19. Is j(-14) composite?
True
Suppose 2 = -2*v - 2, -3*h = 5*v - 6989. Is h prime?
True
Let s(u) = 17*u**2 + 6*u + 12. Let d(c) = 17*c**2 + 5*c + 11. Let m(h) = 4*d(h) - 3*s(h). Is m(5) a prime number?
True
Let a = -341 - -483. Suppose -a = -2*h + 304. Is h prime?
True
Suppose -3*t + 12 = t. Suppose -t*h = -h. Suppose -5*n - 99 = -2*z, 5 = n - h*n. Is z prime?
False
Let j(d) be the third derivative of -1/120*d**6 + 0*d - 19/6*d**3 + 0 + 1/5*d**5 - 7*d**2 + 1/3*d**4. Is j(12) a composite number?
True
Let h be -5*((-2)/(-2))/(-1)*1. Suppose h*z - 2270 = -625. Is z prime?
False
Suppose -q = -17*q + 128528. Is q composite?
True
Let u(w) = -w**3 + 6*w**2 + 3*w - 1. Let m be u(6). Suppose 2 - m = -3*x. Suppose 0 = -4*s - 8, -3*f - x*s + 257 = -0*s. Is f composite?
False
Suppose 0 = 3*x - 15, h - 5*x - 4544 = -0*h. Is h composite?
True
Suppose 0 = -2*q + 14 - 6. Suppose 183 = 5*j + q*h - 103, -3*h - 61 = -j. Suppose -5*l + w = -109, -w + j = 2*l - 5*w. Is l composite?
True
Let r = -18 + 12. Is r - 120/(-18) - 5750/(-6) prime?
False
Suppose -398*t = -402*t + 10988. Is t composite?
True
Let f be (-6125)/(-7) + 1 + -3. Let j = -544 + f. Is j prime?
False
Let c(n) = 5*n**2 + n + 1. Let v(j) = 11*j**2 + j + 3. Let b(d) = 9*c(d) - 4*v(d). Let y be b(-6). Suppose 4*i + 2*p = 22, -2*i = y*i - p - 38. Is i prime?
True
Let s = -7352 - -15918. Is s prime?
False
Let d = -8230 + 11949. Is d composite?
False
Let w = 1725 + -574. Is w prime?
True
Let w(s) = 1040*s + 8. Let z be w(3). Suppose 4*h = -5*m + z, h - 807 = -0*h + 5*m. Is h composite?
False
Suppose -4*p = -2*p + 4. Let g(y) = -134*y - 3. Is g(p) a prime number?
False
Let d(i) = -10693*i - 268. Is d(-5) composite?
False
Let d be (344 - -10)*38/(-6). Let k = 1190 + d. Let m = 1573 + k. Is m prime?
True
Let l be 2/(-9) + (-40)/(-18). Suppose -2*x = -x - l. Suppose -4*b - t = -292, x*t + 64 = 5*b - 314. Is b a prime number?
False
Suppose 0 = -3*l - q - 31, -5*l - 28 - 13 = -q. Let c(n) = -26*n - 1. Is c(l) composite?
False
Let u = 40 + -70. Let s = 329 - u. Let y = -214 + s. Is y prime?
False
Suppose w - 6*w + 50 = 0. Suppose 0 = 5*o + 20 + 5, -2*o + w = v. Suppose 0 = 2*p + v - 306. Is p prime?
False
Suppose -4*u = u - 60. Let r = -7 - u. Let q = r + 53. Is q prime?
False
Let z(s) = -12 + 7 + 17 - 50*s. Is z(-5) composite?
True
Let i = 4884 + -1840. Suppose -2*n + i = -2*d, -5*n + d + 4606 = -2984. Is n prime?
False
Suppose 7 = 3*o - 4*o - 5*b, 3*b + 9 = -3*o. Let k be (4 - 1) + (o - -4). Is k/(-20) + (-298)/(-8) composite?
False
Suppose -3*m = -m + 3140. Let h = 3111 + m. Is h a prime number?
False
Suppose -13*o = -21*o + 114952. Is o prime?
True
Let c = -257 - -434. Is c a prime number?
False
Let x(n) = 108*n + 10. Let l be x(-3). Is 3/18*-3*l composite?
False
Let q = -6041 - -10119. Suppose -3*d = 2*j - 0*d - 2717, 0 = -3*j - 5*d + q. Is j a prime number?
False
Let w(q) = -q**3 - 2*q - 521. Let f be w(0). Let l = 2230 - f. Suppose l = 4*g - 1933. Is g a composite number?
False
Suppose k + 24 = 20, j = 2*k + 24651. Is j composite?
True
Suppose -3*z + k = -61, 2*z + 44 = 4*z + k. Let h = z + -17. Is (-1)/((h/(-1))/2612) a prime number?
True
Let s(f) = -343*f**3 - 3*f**2 + 4*f + 7. Is s(-3) prime?
False
Let l be (-374)/(-51)*(-3)/2. Let r(f) = -37*f - 16. Is r(l) a composite number?
True
Let p = 117 + -75. Let x(b) = -85*b + p*b + 179*b + 175*b. Is x(1) a prime number?
True
Suppose 17580 = -0*r - 3*r. Let b be 2/(-9) + r/(-45). Suppose i - b = -i. Is i composite?
True
Let o(s) = -s**2 - 4*s. Let i(l) = -4*l**2 - l. Let d(t) = -t**3 - 1. Let z be d(0). Let q be i(z). Is o(q) a composite number?
False
Suppose 5*a = -6 + 1, -s + 3*a = -1. Is 11512/28 + s/14 a composite number?
True
Is 1/9 + 3 + (-451504)/(-72) composite?
True
Let a be -2*((-9)/21)/((-6)/3171). Let r = a + 1315. Is r prime?
False
Suppose 11*q + 90320 - 5776561 = 0. Is q composite?
False
Let z(p) = 16*p**2 + p - 21. Is z(-12) a prime number?
False
Let c(y) = -y**2 + 6*y - 6. Let v be c(3). Suppose v*a = -3*w - 48, -2*w + 38 = -5*a - 42. Is 2/a + (-16079)/(-56) prime?
False
Suppose 0 = -0*w - 3*w. Suppose w = -4*v + 676 + 36. Suppose 3*o = 5*o - v. Is o a prime number?
True
Let p(d) = 1798*d**2 - d. Suppose 50 = 6*f - 4. Let k = f - 10. Is p(k) a composite number?
True
Let x(l) = l + 9. Let j be x(-7). Suppose 2*o - j + 14 = 0. Is o/2 + (2 - -254) a composite number?
True
Suppose -h = -0*h + 8. Let d be (-49972)/(-16) - (-2)/h. Suppose i = 2*g - d, 0 = 5*i - i + 20. Is g composite?
False
Is (-45)/10 - -2 - 390018/(-4) prime?
False
Suppose -11 = 3*a + 7. Let c(b) = 5*b**2 - 5*b + 1. Is c(a) prime?
True
Suppose w - 4*w = 24. Let u = w - -10. Suppose -u*y - 3*y = -4445. Is y a composite number?
True
Suppose -5*t + r + 34108 = 0, -19*t + 20*t - 5*r = 6836. Is t a composite number?
True
Let c(k) = 10*k**2 - k - 1. Let d be 2 + 0*1/(-2). Let n be c(d). Is 1*n*16/8 a composite number?
True
Let u(s) = -17*s + 3. Let v(x) = -16*x + 3. Let l(w) = 2*u(w) - 3*v(w). Is l(8) composite?
False
Suppose 3*s - 11*v + 7*v = 363973, -3*s - 5*v + 364018 = 0. Is s composite?
True
Suppose t - 5*a = -5, 0 = -t + a - 2 + 1. Suppose t = -0*v - 5*v + 105. Suppose v = -4*o - q + 116, -3*o + 63 = -2*q. Is o composite?
False
Suppose 0 = 45*j - 329769 - 220806. Is j prime?
False
Suppose -3*z + 4266 = 978. Is (1*-3)/((-12)/z) prime?
False
Let f(l) be the third derivative of -13*l**4/12 + l**3/2 - 34*l**2. Suppose 2*c = 5*h + 26 + 9, -3*c - 28 = 4*h. Is f(h) a prime number?
False
Let f be 30/(-2 - 4) - -8. Suppose 10794 = f*a + 3*a. Is a prime?
False
Suppose -75 = -o + 7. Let s = o - 47. Is s prime?
False
Let l = 18891 + -10430. Is l a prime number?
True
Is ((-909644)/(-114))/(4*(-2)/(-12)) a prime number?
True
Let i(j) = -2*j**3 - 2*j**2 + 16*j - 1. Let z be i(5). Suppose 66 = -4*c + 1882. Let v = c + z. Is v composite?
False
Let c = -13793 + 39054. Is c a prime number?
True
Let t(n) = -18*n + 29. Suppose 19 = -8*p + 107. Let j = -2 - p. Is t(j) composite?
False
Let w(h) be the third derivative of 5*h**5/6 + 13*h**4/12 + 7*h**3/6 - 30*h**2. Is w(-6) composite?
True
Is (-322)/14*501/(-3) a composite number?
True
Let n be (3 - 0)*2218/6. Suppose 0 = -j + 4*w + n, -w + 3*w = 2*j - 2230. Is j prime?
True
Suppose -r = 5 - 9. Suppose 4*s - 93 = -2*v + 7*s, -r*v = -3*s - 195. Is v prime?
False
Suppose 4*x = -0*x - 76. Let f = 25 + x. Suppose -d = -f*d + 3535. Is d a prime number?
False
Is (-3 - 8913)/4*(-5)/15 a composite number?
False
Suppose 0*j - 744 = -2*j. Let c = j + -229. Let w = c + -90. Is w prime?
True
Let a(b) be the third derivative of -b**6/120 + 3*b**5/20 + b**4/2 - 13*b**3/6 - 11*b**2. Suppose 0 = -2*p - 2*p + 36. Is a(p) a prime number?
False
Is (-10)/12 + 1 - (-397130)/60 a prime number?
True
Let s(z) = -z - 2. Let p(f) = f. Let c be p(-5). Let n be s(c). Suppose n*k + 879 = 3*t, t + 61 = -4*k + 334. Is t a composite number?
True
Let k be (1 + (-35)/15)*-99. Let l be (-2)/11 + (-1824)/k. Is l/(-105) - (-10783)/15 composite?
False
Let z(k) = -9*k - 4. Let g be z(-4). Let r = g + -34. Is (r/3)/(4/(-1758)) a composite number?
False
Suppose -504920 + 80705 = -45*m. Is m prime?
False
Let a = -53207 - -85210. Is a a composite number?
False
Suppose -87492 = -0*p - 12*p. Is p a composite number?
True
Let n(x) = -x**2 - 14*x + 37. Let q be n(-16). Suppose 4*s + 3*c = 1640, 0*s + q*c + 433 = s. Is s a prime number?
False
Suppose 8*s - 48780 = 3*s. Let z = -6855 + s. Is z composite?
True
Suppose 0 = -5*o - a - 3*a + 22815, -2*o = a - 9129. Is o a prime number?
True
Let i = -872 - 114. Let h = -487 - i. Is h prime?
True
Suppose 9 = 6*i - 21. Suppose 3*d = 2*y + 17, -13 = -i*d - 2*y - 6. Suppose 0 = 2*h + r - 1921, -d*h = 2*r - 2497 - 386. Is h prime?
False
Let r(v) = -9*v**2 + 10*v - 10. Let p(b) = -b**2 - 1. Let g(o) = 6*p(o) - r(o). Let s = 76 + -63. Is g(s) composite?
True
Suppose -45*u + 266324 = -254731. Is u prime?
True
Suppose 305 + 1967 = -a. Let f = 3405 + a. Is f composite?
True
Let i be (-9210)/(-135) - 2/9. Let c = 101 - i. Is c composite?
True
Suppose 0 = 5*s - 4*s + 4. Let b(j) = -24*j - 7. Is b(s) composite?
False
Let x(l) = 5*l - 3*l - l - 3*l - 5 + l**2. Is x(-12) a prime number?
True
Let a = -149 + 558. Let q(n) = -2*n**2 + n. Let g be q(1). Is g*(-1)/1*a a p